p = -y + 50*y - 25382. What is the tens digit of y?
1
What is the ten thousands digit of (-1 + 4/(-20))/((-11)/307560)?
3
Let y(t) = -2*t**2 + 184. Suppose -4*p + 9 = -p. Let i be (-15)/25*-5 - p. What is the units digit of y(i)?
4
Let b(n) = n**2 + 3*n - 34. Let l be b(-6). Let z(q) = -36*q - 38. What is the hundreds digit of z(l)?
5
Suppose -40*b + 110 = -30*b. Suppose -b*v = -7984 + 1208. What is the tens digit of v?
1
Let q(j) = 605*j + 14. Let g be q(6). Suppose -g = -4*p + 2*s, -6*s - 2733 = -3*p - 4*s. What is the tens digit of p?
1
Let k = -296 + -208. Let m = 1028 + k. What is the tens digit of m?
2
Suppose f = -5*v + 4, -3*f + 8 = v - 4. Suppose v*p + 2*l + 14 = p, -26 = -4*p + 2*l. What is the units digit of p?
4
Suppose -f + 12 = c + 2*f, 3*c + 2*f - 8 = 0. Let n = 10 + c. Suppose -n*g + g = -576. What is the tens digit of g?
6
Let d be (-4)/3 + (-176)/48. Let w(t) = 30*t**2 - 7. What is the tens digit of w(d)?
4
Suppose 20 = 5*m, -a + 54127 = -10*m + 12*m. What is the tens digit of a?
1
Let j(w) = 422*w**2 - 2*w - 2. Let y = 264 - 265. What is the hundreds digit of j(y)?
4
Let r be -4*((-8)/6 - (-980)/240). Let w(y) = -97*y + 181. What is the units digit of w(r)?
8
Let g be ((-3)/6 + 5/(-10))*0. Suppose g = -2*c - 9*c + 55. Suppose -c*b = -344 - 16. What is the units digit of b?
2
Let u be (18/(-12))/(6/(-32)). Let c(q) = -q**2 - 10*q + 1. Let y be c(-9). Suppose u*b - y*b + 48 = 0. What is the units digit of b?
4
Suppose -6558 + 19203 = 15*p. Let x = 1577 - p. What is the hundreds digit of x?
7
Suppose -12*q = -3*q - 36. Suppose 0 = -3*x + 4*h + 591, 2*x - x = q*h + 197. What is the units digit of x?
7
Let z be -5*(-2)/(-60) - (-26)/12. Let i(v) = 15*v**3 - v**2 - 13*v + 23. What is the hundreds digit of i(z)?
1
Let t(w) = -4931*w + 18352. What is the units digit of t(-14)?
6
Let f = 5 - 3. Suppose n = 4*j - 27, 3*j + 1 = -2*n + f. Let y = n + 13. What is the units digit of y?
6
Let x = -691 + 349. Let b = -234 - x. What is the tens digit of b?
0
Let k = 38870 - 9461. What is the units digit of k?
9
Suppose -3096*r + 3058*r + 1557848 = 0. What is the ten thousands digit of r?
4
Suppose -2*n = -3*g + 95629, 25*n + 95664 = 3*g + 28*n. What is the ten thousands digit of g?
3
Suppose -2*q - 4 - 4 = u, 0 = 3*u. Let f(r) = -6*r - 1. Let i be f(q). Suppose i = 3*a + 11. What is the units digit of a?
4
Let k(z) = -z**3 - 5*z**2 + z - 4. Let y be k(-5). Let s(n) = -11 - 2*n**2 + 11*n - n**3 + 12*n - 6*n**2 - 32*n + 6*n. What is the units digit of s(y)?
7
Suppose 5*a + 5*k = 80, 3*a = -4*k + 87 - 35. Suppose 9*s - 93 = -a. Suppose s = m - 16. What is the units digit of m?
5
Let v be -16*(-4)/28 - 4/14. Suppose -a - v*a = -4*g - 46, 4*a - g = 83. Suppose k - a - 24 = 0. What is the tens digit of k?
4
Let q(x) = 339*x + 365. What is the hundreds digit of q(10)?
7
Suppose 2*h - 100 = 4*u, -2*u - h + 128 = -7*u. Let b = u + 27. Let n(v) = 95*v - 1. What is the units digit of n(b)?
4
Let d be (195/26 + 2)/((-2)/120). Let a = -533 - d. What is the units digit of a?
7
Let q be ((-2)/(-2) - -3)/(-5 - -7). Suppose 2*f - 16 = 6*f, -3*r = -2*f - 8. Suppose r*m + 2*t = -q*m + 92, -5*m + 230 = -t. What is the units digit of m?
6
Let d(w) = 22*w**2 - 22*w + 73. Let h be 8/((-23 - 1)/(-6) + -2). What is the units digit of d(h)?
7
Let z(k) = -2*k - 2. Let q be z(-1). Suppose -8*x + 2402 - 842 = q. What is the units digit of x?
5
Suppose -4*u = 3*v + 173, u + 2*v = 2*u + 46. Let r = -35 - u. Suppose 1428 + 21 = r*y. What is the tens digit of y?
6
Let g = -18 - -17. Let v be (-4 - g) + (-3 - -3) + 3. Suppose v = 3*z - 203 - 13. What is the units digit of z?
2
Suppose 0 = 2*a + 3*w - 111298, 222576 = 4*a + 4046*w - 4045*w. What is the thousands digit of a?
5
Suppose -46*r - 522 = -49*r. Let p = r - -19. What is the units digit of p?
3
What is the units digit of (9531/(-2)*-1)/(1*(-15)/(-20))?
4
Suppose 2*m = -3*y - 1338 + 3353, -5*m = -y + 666. Suppose 2*b - 5*n = y, -4*n = b - 0*n - 329. What is the hundreds digit of b?
3
Let z be (2 + 1)/(21/14). Suppose 0 = 3*c + 15, -3*l - 449 + 5479 = z*c. What is the thousands digit of l?
1
Let q = -4 + 13. Let j = -70 + 743. Suppose 56 = q*p - j. What is the tens digit of p?
8
Let w = 127 - 132. Let m(t) = -t**2 - 6*t. Let b be m(w). Suppose 4*n = -b*d + 1307, -d - n = 2*d - 780. What is the units digit of d?
9
Let d(o) = 2*o**3 + 16*o**2 + 3*o + 28. Let i be d(-8). Suppose -i*c + 6*c - 6 = 0, -2*y = -c - 301. What is the tens digit of y?
5
Let h(a) be the first derivative of -71*a**3/6 - a**2 + 12*a - 17. Let j(s) be the first derivative of h(s). What is the units digit of j(-2)?
0
Let z(s) = -s**2 + 23*s + 9. Let r be z(23). Suppose 2*k = 2*n - 110, -7*n + k - 113 = -r*n. What is the tens digit of n?
5
Let r = 542 - 536. Let g(w) = 3*w**2 + w + 10. Let l(m) = 4*m**2 + m + 10. Let n(v) = 3*g(v) - 2*l(v). What is the tens digit of n(r)?
5
Let j(i) = -1490*i + 498. What is the hundreds digit of j(-5)?
9
Suppose -17413 - 5786 = -4*w + 3*x, -3*x = 5*w - 28965. What is the tens digit of w?
9
Let t = 5000 - 5233. Let y = -306 - -178. Let u = y - t. What is the units digit of u?
5
Suppose 3*p - 40*o + 39*o - 81658 = 0, 5*p + 3*o - 136064 = 0. What is the tens digit of p?
1
Let n(r) = 5*r**2 + 3*r + 2. Let k(q) = -q**3 + 6*q**2 - 5*q + 4. Suppose -u - 15 = -4*u. Let i be k(u). What is the tens digit of n(i)?
9
Suppose r + 5*k - 5518 = 0, r - 200 - 5297 = -2*k. What is the hundreds digit of r?
4
Let b = -50 + 54. Suppose b*c = -r - r + 16, 0 = 4*r - 4*c + 4. Suppose r*m + m = 270. What is the units digit of m?
0
Let a(z) = 40*z**2 - 39*z - 376. What is the hundreds digit of a(-15)?
2
Suppose 11719 = 52*c - 445657 - 632284. What is the units digit of c?
5
What is the tens digit of (-542)/4*-53 - (-2)/4?
8
Suppose -49*o + 3457487 - 922276 = 0. What is the hundreds digit of o?
7
Let p(y) be the first derivative of y**4/4 - 2*y**3 - 7*y**2 - 2*y + 11. Let k be p(-3). Let i = -2 - k. What is the tens digit of i?
3
Let t(w) = 33*w + 75. Let f be t(-4). Let k = f + 402. What is the hundreds digit of k?
3
Suppose -7*i + 0*i + 2478 = 0. What is the units digit of i?
4
Let f(j) = 1 + 1 + 12*j**2 - 2*j + 0. Let h(y) = -6*y**2 - 35*y - 27. Let g be h(-5). What is the units digit of f(g)?
4
Let u be 8/14 - (-1518)/161. Suppose u*a - 16*a + 4308 = 0. What is the tens digit of a?
1
Suppose 109*w - 108*w - 11563 = -4*d, -5*d - 34774 = -3*w. What is the hundreds digit of w?
5
Let q = -33 - -142. Suppose 2*w - q = -3*g - 3*w, 2*g + w - 75 = 0. Suppose -g = -2*v + 108. What is the units digit of v?
3
Suppose -3*f - 59*z = -54*z - 54803, 73080 = 4*f + 2*z. What is the hundreds digit of f?
2
Suppose -323 = -3*n + 5*l, -2*n + 170 = -2*l - 52. Suppose -5*p - n + 101 = 0. What is the units digit of (0 - 51)*(p + 2)?
1
Suppose -13393 = -3*n + 2*i, i - 17839 = -18*n + 14*n. What is the hundreds digit of n?
4
Let t = 72 - 74. Let o(z) = 16*z**3 + 3*z**2 + z - 1. Let b be o(t). Let d = 1 - b. What is the hundreds digit of d?
1
Let g(c) be the second derivative of -11*c**3/6 + 5*c**2/2 + 10*c + 5. Suppose -2 = 2*d + 2, 5*p = 5*d. What is the units digit of g(p)?
7
Let u(t) = -397*t**3 - 2*t**2 + t - 1. Let z(j) = j**3 - 2*j**2. Let w(d) = -u(d) + 2*z(d). What is the hundreds digit of w(1)?
3
Let t = -148216 + 222566. What is the tens digit of t?
5
Let h = 21365 + -18328. What is the thousands digit of h?
3
Suppose 100*f = 99*f - 5*y + 28766, -4*f = 5*y - 115139. What is the units digit of f?
1
Suppose -37165 = -5*y - 2*s, -10*y - 2*s = -12*y + 14852. What is the hundreds digit of y?
4
What is the thousands digit of (14 + 678568/11 - (-4)/2) + 2?
1
Suppose -9 + 10 = -z. Let y be 164/42 - 36/(-378). What is the hundreds digit of (y/(-8))/(z/204)?
1
Let z(l) = 10*l**2 - 3*l + 3. Let b be z(-3). Suppose 4*m + b = 6*m. Suppose -m = 11*q - 12*q. What is the tens digit of q?
5
Suppose -2*u = -5*p + 33, 12*p - 4*u = 7*p + 41. Suppose -p*k = -3*x + 79, -3*x + 71 = -3*k - 4. What is the tens digit of x?
2
Let t = -2 + -9. Suppose -5*p + 129 = -121. Let y = p - t. What is the tens digit of y?
6
Suppose 130 = -3*n + 490. Suppose 0 = 125*w - n*w - 1530. What is the tens digit of w?
0
Let i(q) = 8*q**3 - 51*q**2 - 30*q - 19. What is the units digit of i(9)?
2
Let